re the prime factors of 42561?
3, 4729
List the prime factors of 5133.
3, 29, 59
List the prime factors of 30562.
2, 7, 37, 59
List the prime factors of 1381.
1381
List the prime factors of 11544.
2, 3, 13, 37
What are the prime factors of 108294?
2, 3, 18049
List the prime factors of 37893.
3, 17, 743
List the prime factors of 503.
503
List the prime factors of 78261.
3, 19, 1373
List the prime factors of 2221.
2221
What are the prime factors of 1995?
3, 5, 7, 19
List the prime factors of 113353.
263, 431
List the prime factors of 62614.
2, 31307
List the prime factors of 2477.
2477
List the prime factors of 911.
911
What are the prime factors of 2930?
2, 5, 293
What are the prime factors of 58275?
3, 5, 7, 37
What are the prime factors of 6364?
2, 37, 43
What are the prime factors of 17550?
2, 3, 5, 13
What are the prime factors of 105033?
3, 157, 223
List the prime factors of 29473.
29473
List the prime factors of 48960.
2, 3, 5, 17
List the prime factors of 42118.
2, 21059
What are the prime factors of 90?
2, 3, 5
What are the prime factors of 99167?
131, 757
List the prime factors of 16366.
2, 7, 167
List the prime factors of 2799.
3, 311
List the prime factors of 21166.
2, 19, 557
List the prime factors of 38119.
38119
List the prime factors of 74602.
2, 11, 3391
What are the prime factors of 4906?
2, 11, 223
What are the prime factors of 260?
2, 5, 13
List the prime factors of 809.
809
List the prime factors of 1757.
7, 251
What are the prime factors of 8861?
8861
What are the prime factors of 5701?
5701
What are the prime factors of 1168?
2, 73
List the prime factors of 160970.
2, 5, 16097
What are the prime factors of 2902?
2, 1451
What are the prime factors of 2763?
3, 307
List the prime factors of 320.
2, 5
What are the prime factors of 4034?
2, 2017
List the prime factors of 15531.
3, 31, 167
What are the prime factors of 4237?
19, 223
List the prime factors of 541.
541
What are the prime factors of 348?
2, 3, 29
List the prime factors of 181983.
3, 60661
What are the prime factors of 350?
2, 5, 7
List the prime factors of 4272.
2, 3, 89
What are the prime factors of 352?
2, 11
List the prime factors of 2556.
2, 3, 71
What are the prime factors of 579?
3, 193
List the prime factors of 29336.
2, 19, 193
List the prime factors of 25489.
71, 359
What are the prime factors of 10379?
97, 107
What are the prime factors of 11305?
5, 7, 17, 19
What are the prime factors of 1106?
2, 7, 79
List the prime factors of 17887.
31, 577
List the prime factors of 991.
991
What are the prime factors of 107536?
2, 11, 13, 47
List the prime factors of 19379.
19379
List the prime factors of 12364.
2, 11, 281
List the prime factors of 3188.
2, 797
List the prime factors of 48768.
2, 3, 127
What are the prime factors of 22001?
7, 449
List the prime factors of 21293.
107, 199
List the prime factors of 35.
5, 7
What are the prime factors of 285?
3, 5, 19
What are the prime factors of 2154?
2, 3, 359
What are the prime factors of 29973?
3, 97, 103
What are the prime factors of 138?
2, 3, 23
What are the prime factors of 886?
2, 443
What are the prime factors of 10301?
10301
What are the prime factors of 11954?
2, 43, 139
List the prime factors of 99259.
99259
List the prime factors of 4689.
3, 521
What are the prime factors of 90298?
2, 13, 23, 151
What are the prime factors of 1258?
2, 17, 37
List the prime factors of 70650.
2, 3, 5, 157
List the prime factors of 171.
3, 19
List the prime factors of 3941.
7, 563
List the prime factors of 1909.
23, 83
List the prime factors of 23613.
3, 17, 463
List the prime factors of 3131.
31, 101
What are the prime factors of 9318?
2, 3, 1553
What are the prime factors of 1713?
3, 571
What are the prime factors of 4045?
5, 809
List the prime factors of 2550.
2, 3, 5, 17
What are the prime factors of 8654?
2, 4327
What are the prime factors of 996?
2, 3, 83
List the prime factors of 9211.
61, 151
What are the prime factors of 148?
2, 37
List the prime factors of 1201.
1201
List the prime factors of 42880.
2, 5, 67
List the prime factors of 85060.
2, 5, 4253
List the prime factors of 10756.
2, 2689
List the prime factors of 3971.
11, 19
What are the prime factors of 1848?
2, 3, 7, 11
List the prime factors of 322.
2, 7, 23
What are the prime factors of 12557?
29, 433
What are the prime factors of 1266?
2, 3, 211
List the prime factors of 78474.
2, 3, 11, 29, 41
What are the prime factors of 522?
2, 3, 29
What are the prime factors of 14149?
14149
List the prime factors of 19297.
23, 839
What are the prime factors of 17401?
17401
List the prime factors of 5759.
13, 443
What are the prime factors of 22763?
13, 17, 103
What are the prime factors of 40198?
2, 101, 199
List the prime factors of 19761.
3, 7, 941
What are the prime factors of 608?
2, 19
What are the prime factors of 1953?
3, 7, 31
List the prime factors of 10284.
2, 3, 857
What are the prime factors of 1683?
3, 11, 17
What are the prime factors of 4835?
5, 967
What are the prime factors of 776?
2, 97
List the prime factors of 5461.
43, 127
What are the prime factors of 13131?
3, 1459
What are the prime factors of 1453?
1453
List the prime factors of 3844.
2, 31
List the prime factors of 1705.
5, 11, 31
What are the prime factors of 193?
193
What are the prime factors of 68367?
3, 13, 1753
List the prime factors of 748.
2, 11, 17
What are the prime factors of 1120?
2, 5, 7
What are the prime factors of 1590?
2, 3, 5, 53
List the prime factors of 59077.
59077
What are the prime factors of 19546?
2, 29, 337
List the prime factors of 1385.
5, 277
List the prime factors of 6159.
3, 2053
What are the prime factors of 2645?
5, 23
What are the prime factors of 700?
2, 5, 7
List the prime factors of 2011.
2011
List the prime factors of 768.
2, 3
What are the prime factors of 72879?
3, 17, 1429
List the prime factors of 11414.
2, 13, 439
What are the prime factors of 34978?
2, 17489
List the prime factors of 137551.
67, 2053
What are the prime factors of 37256?
2, 4657
List the prime factors of 3654.
2, 3, 7, 29
What are the prime factors of 256?
2
List the prime factors of 53312.
2, 7, 17
List the prime factors of 115281.
3, 12809
List the prime factors of 3525.
3, 5, 47
List the prime factors of 10529.
10529
List the prime factors of 4208.
2, 263
What are the prime factors of 5603?
13, 431
List the prime factors of 1189.
29, 41
List the prime factors of 185847.
3, 61949
What are the prime factors of 5392?
2, 337
List the prime factors of 1258.
2, 17, 37
List the prime factors of 39843.
3, 19, 233
What are the prime factors of 3030?
2, 3, 5, 101
What are the prime factors of 2504?
2, 313
What are the prime factors of 3729?
3, 11, 113
List the prime factors of 18629.
13, 1433
What are the prime factors of 1163?
1163
What are the prime factors of 11?
11
What are the prime factors of 610?
2, 5, 61
What are the prime factors of 851?
23, 37
What are the prime factors of 397?
397
List the prime factors of 38471.
17, 31, 73
List the prime factors of 32643.
3, 13, 31
List the prime factors of 27431.
27431
What are the prime factors of 1517?
37, 41
What are the prime factors of 1611?
3, 179
List the prime factors of 27803.
27803
List the prime factors of 55.
5, 11
List the prime factors of 55126.
2, 43, 641
What are the prime factors of 28385?
5, 7, 811
List the prime factors of 173808.
2, 3, 17, 71
List the prime factors of 12593.
7, 257
What are the prime factors of 85122?
2, 3, 4729
What are the prime factors of 686?
2, 7
List the prime factors of 16065.
3, 5, 7, 17
What are the prime factors of 1481?
1481
What are the prime factors of 56?
2, 7
List the prime factors of 146675.
5, 5867
List the prime factors of 2324.
2, 7, 83
List the prime factors of 44080.
2, 5, 19, 29
List the prime factors of 148.
2, 37
What are the prime factors of 611?
13, 47
List the prime factors of 6118.
2, 7, 19, 23
What are the prime factors of 4398?
2, 3, 733
What are the prime factors of 2020?
2, 5, 101
What are the prime factors of 3063?
3, 1021
What are the prime factors of 1413?
3, 157
What are the prime factors of 27792?
2, 3, 193
List the prime factors of 17860.
2, 5, 19, 47
What are the prime factors of 5369?
7, 13, 59
What are the prime factors of 4298?
2, 7, 307
What are the prime fact